{"id":17,"date":"2021-07-07T11:15:11","date_gmt":"2021-07-07T09:15:11","guid":{"rendered":"https:\/\/brunet-carrosserie.fr\/?page_id=17"},"modified":"2021-07-09T21:46:24","modified_gmt":"2021-07-09T19:46:24","slug":"carrosserie-peinture","status":"publish","type":"page","link":"https:\/\/brunet-carrosserie.fr\/index.php\/carrosserie-peinture\/","title":{"rendered":"CARROSSERIE &#038; PEINTURE"},"content":{"rendered":"<p>[et_pb_section fb_built=\u00a0\u00bb1&Prime; _builder_version=\u00a0\u00bb3.29.3&Prime; fb_built=\u00a0\u00bb1&Prime; _i=\u00a0\u00bb0&Prime; _address=\u00a0\u00bb0&Prime;][et_pb_row _builder_version=\u00a0\u00bb3.29.3&Prime; custom_padding=\u00a0\u00bb36px|||||\u00a0\u00bb _i=\u00a0\u00bb0&Prime; _address=\u00a0\u00bb0.0&Prime;][et_pb_column type=\u00a0\u00bb4_4&Prime; _builder_version=\u00a0\u00bb3.29.3&Prime; _i=\u00a0\u00bb0&Prime; _address=\u00a0\u00bb0.0.0&Prime;][et_pb_text _builder_version=\u00a0\u00bb3.29.3&Prime; _i=\u00a0\u00bb0&Prime; _address=\u00a0\u00bb0.0.0.0&Prime;]<\/p>\n<h1 style=\"text-align: center;\"><strong>CARROSSERIE<\/strong><\/h1>\n<p>&nbsp;<\/p>\n<h2><b>Accident auto : \u00e0 vous de choisir votre r\u00e9parateur<\/b><\/h2>\n<p><b>Peu de Fran\u00e7ais le savent : d\u00e9sormais, en cas d&rsquo;accident, c&rsquo;est \u00e0 eux de choisir librement le garage qui effectuera les r\u00e9parations de leur v\u00e9hicule sans qu&rsquo;ils aient \u00e0 avancer les frais m\u00eame si le r\u00e9parateur ne fait pas partie de la liste agr\u00e9\u00e9e par leur compagnie d&rsquo;assurance. Ce choix ne doit plus \u00eatre dict\u00e9 par leur assureur, qui doit aussi informer l&rsquo;assur\u00e9 de ce droit. Explications.<\/b><\/p>\n<p>[\/et_pb_text][et_pb_image src=\u00a0\u00bbhttps:\/\/brunet-carrosserie.fr\/wp-content\/uploads\/2021\/07\/logo_libre_choix_reparateur-150&#215;150.jpg\u00a0\u00bb align=\u00a0\u00bbcenter\u00a0\u00bb _builder_version=\u00a0\u00bb3.29.3&Prime; _i=\u00a0\u00bb1&Prime; _address=\u00a0\u00bb0.0.0.1&Prime;][\/et_pb_image][\/et_pb_column][\/et_pb_row][et_pb_row _builder_version=\u00a0\u00bb3.29.3&Prime; min_height=\u00a0\u00bb642px\u00a0\u00bb custom_margin=\u00a0\u00bb|421px|-45px|auto||\u00a0\u00bb custom_padding=\u00a0\u00bb||0px|||\u00a0\u00bb _i=\u00a0\u00bb1&Prime; _address=\u00a0\u00bb0.1&Prime;][et_pb_column type=\u00a0\u00bb4_4&Prime; _builder_version=\u00a0\u00bb3.29.3&Prime; _i=\u00a0\u00bb0&Prime; _address=\u00a0\u00bb0.1.0&Prime;][et_pb_text _builder_version=\u00a0\u00bb3.29.3&Prime; custom_padding=\u00a0\u00bb0px|||||\u00a0\u00bb _i=\u00a0\u00bb0&Prime; _address=\u00a0\u00bb0.1.0.0&Prime;]<\/p>\n<h2><b>Accident : gardez la t\u00eate froide malgr\u00e9 les circonstances<\/b><\/h2>\n<p><span>Sous le choc d&rsquo;un accident, les assur\u00e9s ont souvent le m\u00eame r\u00e9flexe compr\u00e9hensible : appeler leur assureur, pour d\u00e9clencher la mise en \u0153uvre des services d\u2019assistance. Et notamment le remorquage du v\u00e9hicule accident\u00e9 vers un garage automobile, o\u00f9 le v\u00e9hicule pourra \u00eatre expertis\u00e9 et\/ou r\u00e9par\u00e9.<\/span><\/p>\n<p><span>Jusqu&rsquo;ici, l&rsquo;assureur orientait g\u00e9n\u00e9ralement l&rsquo;assur\u00e9 vers le garage le plus proche du lieu de l&rsquo;accident, ou un <\/span><b>r\u00e9parateur agr\u00e9\u00e9<\/b><span> par lui.<\/span><\/p>\n<p><span>Mais depuis la <\/span><a href=\"http:\/\/www.legifrance.gouv.fr\/affichTexte.do;jsessionid=753A659B7484DB4491E0D25CFD5B868E.tpdila21v_1?cidTexte=JORFTEXT000028738036&amp;dateTexte=20140318\"><span>loi Hamon du 17 mars 2014<\/span><\/a><span>, le <\/span><b>choix du r\u00e9parateur<\/b><span> (garagiste, m\u00e9canicien, carrossier) qui effectuera les r\u00e9parations de votre v\u00e9hicule rel\u00e8ve en fait de votre seule pr\u00e9rogative. Votre assureur n&rsquo;a absolument plus le droit de vous en imposer un. <\/span><b>Depuis la loi du 3 d\u00e9cembre 2020<\/b> <a href=\"https:\/\/www.legifrance.gouv.fr\/jorf\/id\/JORFTEXT000042607095\"><span>n\u00b02020-1508<\/span><\/a><span> il ne peut plus non plus vous demander d&rsquo;avancer les frais si vous vous rendez dans un centre de r\u00e9paration qui ne fait pas partie de la liste agr\u00e9\u00e9e par votre assureur.<\/span><\/p>\n<p>&nbsp;<\/p>\n<p><span>Quelques informations concernant la loi Hamon le libre choix du r\u00e9parateur !<\/span><\/p>\n<p><span>L\u2019arr\u00eat\u00e9 relatif \u00e0 la loi Hamon publi\u00e9 le 24 juin 2016 pr\u00e9cise que les compagnies d\u2019<\/span><a href=\"https:\/\/www.lesfurets.com\/assurance-auto\"><b>assurance automobile<\/b><\/a> <b>sont oblig\u00e9es de rappeler le droit du libre choix du r\u00e9parateur aux assur\u00e9s au moment de la d\u00e9claration du sinistre<\/b><span>. Cette information doit \u00eatre d\u00e9livr\u00e9e de mani\u00e8re claire et objective et par \u00e9crit.<\/span><\/p>\n<p><span>Donc :<\/span><\/p>\n<p><span>Si vous avez un accrochage, un accident, un bris de glace sur votre v\u00e9hicule, sachez que ce n\u2019est plus \u00e0 votre assureur de vous imposer un r\u00e9parateur. Vous avez d\u00e9sormais le libre choix. Tout ce que peut faire votre assureur, c\u2019est de vous conseiller un r\u00e9parateur, qui sera sous agr\u00e9ment. Vous n\u2019avez aucune obligation d\u2019accepter et \u00eates libre de choisir un autre carrossier. Le seul point qui vous est impos\u00e9, c\u2019est de trouver un r\u00e9parateur reconnu par la Chambre des m\u00e9tiers.<\/span><\/p>\n<p><span>Sachez qu\u2019en venant faire r\u00e9parer votre v\u00e9hicule chez nous, les r\u00e9parations seront garanties, nous avons l\u2019habitude de travailler avec les experts, nous mettrons gracieusement \u00e0 votre disposition une voiture de pr\u00eat le temps des r\u00e9parations, vous n\u2019aurez pas d\u2019avance de frais \u00e0 faire et nous nous occupons des d\u00e9marches aupr\u00e8s du cabinet d\u2019expertise et de votre assurance.<\/span><\/p>\n<p>[\/et_pb_text][\/et_pb_column][\/et_pb_row][et_pb_row _builder_version=\u00a0\u00bb3.29.3&Prime; _i=\u00a0\u00bb2&Prime; _address=\u00a0\u00bb0.2&Prime;][et_pb_column type=\u00a0\u00bb4_4&Prime; _builder_version=\u00a0\u00bb3.29.3&Prime; _i=\u00a0\u00bb0&Prime; _address=\u00a0\u00bb0.2.0&Prime;][et_pb_text _builder_version=\u00a0\u00bb3.29.3&Prime; custom_padding=\u00a0\u00bb||0px|||\u00a0\u00bb _i=\u00a0\u00bb0&Prime; _address=\u00a0\u00bb0.2.0.0&Prime;]<\/p>\n<ul>\n<li aria-level=\"1\"><strong>R\u00c9PARATIONS :<\/strong><\/li>\n<\/ul>\n<p>&nbsp;<\/p>\n<p>[\/et_pb_text][et_pb_gallery gallery_ids=\u00a0\u00bb121,120&Prime; show_title_and_caption=\u00a0\u00bboff\u00a0\u00bb show_pagination=\u00a0\u00bboff\u00a0\u00bb _builder_version=\u00a0\u00bb3.29.3&Prime; min_height=\u00a0\u00bb91.1px\u00a0\u00bb custom_margin=\u00a0\u00bb-54px|||||\u00a0\u00bb _i=\u00a0\u00bb1&Prime; _address=\u00a0\u00bb0.2.0.1&Prime;][\/et_pb_gallery][\/et_pb_column][\/et_pb_row][et_pb_row _builder_version=\u00a0\u00bb3.29.3&Prime; custom_padding=\u00a0\u00bb0px|||||\u00a0\u00bb _i=\u00a0\u00bb3&Prime; _address=\u00a0\u00bb0.3&Prime;][et_pb_column type=\u00a0\u00bb4_4&Prime; _builder_version=\u00a0\u00bb3.29.3&Prime; _i=\u00a0\u00bb0&Prime; _address=\u00a0\u00bb0.3.0&Prime;][et_pb_text _builder_version=\u00a0\u00bb3.29.3&Prime; custom_margin=\u00a0\u00bb47px|||||\u00a0\u00bb _i=\u00a0\u00bb0&Prime; _address=\u00a0\u00bb0.3.0.0&Prime;]<\/p>\n<ul>\n<li aria-level=\"1\"><strong>R\u00c9NOVATION DE PHARES :\u00a0<\/strong><\/li>\n<\/ul>\n<p><span>Des optiques cass\u00e9s ou f\u00eal\u00e9s ? Des phares ternis ou jaunis par le temps ?<\/span><\/p>\n<p><span>Ces probl\u00e8mes r\u00e9duisent la visibilit\u00e9 et peuvent engendrer une contre visite lors du contr\u00f4le technique.<\/span><\/p>\n<p>[\/et_pb_text][\/et_pb_column][\/et_pb_row][et_pb_row _builder_version=\u00a0\u00bb3.29.3&Prime; custom_padding=\u00a0\u00bb0px|||||\u00a0\u00bb _i=\u00a0\u00bb4&Prime; _address=\u00a0\u00bb0.4&Prime;][et_pb_column type=\u00a0\u00bb4_4&Prime; _builder_version=\u00a0\u00bb3.29.3&Prime; _i=\u00a0\u00bb0&Prime; _address=\u00a0\u00bb0.4.0&Prime;][et_pb_gallery gallery_ids=\u00a0\u00bb77,78&Prime; posts_number=\u00a0\u00bb2&Prime; show_pagination=\u00a0\u00bboff\u00a0\u00bb _builder_version=\u00a0\u00bb3.29.3&Prime; custom_margin=\u00a0\u00bb||-91px|||\u00a0\u00bb _i=\u00a0\u00bb0&Prime; _address=\u00a0\u00bb0.4.0.0&Prime;][\/et_pb_gallery][\/et_pb_column][\/et_pb_row][et_pb_row _builder_version=\u00a0\u00bb3.29.3&Prime; min_height=\u00a0\u00bb70px\u00a0\u00bb custom_padding=\u00a0\u00bb0px|||||\u00a0\u00bb _i=\u00a0\u00bb5&Prime; _address=\u00a0\u00bb0.5&Prime;][et_pb_column type=\u00a0\u00bb4_4&Prime; _builder_version=\u00a0\u00bb3.29.3&Prime; _i=\u00a0\u00bb0&Prime; _address=\u00a0\u00bb0.5.0&Prime;][et_pb_text _builder_version=\u00a0\u00bb3.29.3&Prime; custom_padding=\u00a0\u00bb0px|||||\u00a0\u00bb _i=\u00a0\u00bb0&Prime; _address=\u00a0\u00bb0.5.0.0&Prime;]<\/p>\n<p>&nbsp;<\/p>\n<p><span>Nous vous proposons de r\u00e9nover les optiques de votre v\u00e9hicule gr\u00e2ce \u00e0 une technique de successions de pon\u00e7ages et polissages, ainsi qu&rsquo;\u00e0 des produits de qualit\u00e9, qui vous garantissent un r\u00e9sultat comme neuf ainsi qu\u2019une v\u00e9ritable tenue sur le long terme.<\/span><\/p>\n<p><a href=\"https:\/\/brunet-carrosserie.fr\/index.php\/contact\/\" target=\"_blank\" rel=\"noopener noreferrer\"><span>N&rsquo;h\u00e9siter pas \u00e0 nous contacter<\/span><\/a><\/p>\n<p>[\/et_pb_text][\/et_pb_column][\/et_pb_row][\/et_pb_section]<\/p>\n","protected":false},"excerpt":{"rendered":"<p>[et_pb_section fb_built=\u00a0\u00bb1&Prime; _builder_version=\u00a0\u00bb3.29.3&Prime; fb_built=\u00a0\u00bb1&Prime; _i=\u00a0\u00bb0&Prime; _address=\u00a0\u00bb0&Prime;][et_pb_row _builder_version=\u00a0\u00bb3.29.3&Prime; custom_padding=\u00a0\u00bb36px|||||\u00a0\u00bb _i=\u00a0\u00bb0&Prime; _address=\u00a0\u00bb0.0&Prime;][et_pb_column type=\u00a0\u00bb4_4&Prime; _builder_version=\u00a0\u00bb3.29.3&Prime; _i=\u00a0\u00bb0&Prime; _address=\u00a0\u00bb0.0.0&Prime;][et_pb_text _builder_version=\u00a0\u00bb3.29.3&Prime; _i=\u00a0\u00bb0&Prime; _address=\u00a0\u00bb0.0.0.0&Prime;] CARROSSERIE &nbsp; Accident auto : \u00e0 vous de choisir votre r\u00e9parateur Peu de Fran\u00e7ais le savent : d\u00e9sormais, en cas d&rsquo;accident, c&rsquo;est \u00e0 eux de choisir librement le garage qui effectuera les r\u00e9parations de leur v\u00e9hicule sans qu&rsquo;ils [&hellip;]<\/p>\n","protected":false},"author":1,"featured_media":0,"parent":0,"menu_order":2,"comment_status":"closed","ping_status":"closed","template":"","meta":{"_et_pb_use_builder":"on","_et_pb_old_content":"","footnotes":""},"yoast_head":"<!-- This site is optimized with the Yoast SEO plugin v19.13 - https:\/\/yoast.com\/wordpress\/plugins\/seo\/ -->\n<title>CARROSSERIE &amp; PEINTURE - Carrosserie Brunet<\/title>\n<meta name=\"robots\" content=\"index, follow, max-snippet:-1, max-image-preview:large, max-video-preview:-1\" \/>\n<link rel=\"canonical\" href=\"https:\/\/brunet-carrosserie.fr\/index.php\/carrosserie-peinture\/\" \/>\n<meta property=\"og:locale\" content=\"fr_FR\" \/>\n<meta property=\"og:type\" content=\"article\" \/>\n<meta property=\"og:title\" content=\"CARROSSERIE &amp; PEINTURE - Carrosserie Brunet\" \/>\n<meta property=\"og:description\" content=\"[et_pb_section fb_built=\u00a0\u00bb1&Prime; _builder_version=\u00a0\u00bb3.29.3&Prime; fb_built=\u00a0\u00bb1&Prime; _i=\u00a0\u00bb0&Prime; _address=\u00a0\u00bb0&Prime;][et_pb_row _builder_version=\u00a0\u00bb3.29.3&Prime; custom_padding=\u00a0\u00bb36px|||||\u00a0\u00bb _i=\u00a0\u00bb0&Prime; _address=\u00a0\u00bb0.0&Prime;][et_pb_column type=\u00a0\u00bb4_4&Prime; _builder_version=\u00a0\u00bb3.29.3&Prime; _i=\u00a0\u00bb0&Prime; _address=\u00a0\u00bb0.0.0&Prime;][et_pb_text _builder_version=\u00a0\u00bb3.29.3&Prime; _i=\u00a0\u00bb0&Prime; _address=\u00a0\u00bb0.0.0.0&Prime;] CARROSSERIE &nbsp; Accident auto : \u00e0 vous de choisir votre r\u00e9parateur Peu de Fran\u00e7ais le savent : d\u00e9sormais, en cas d&rsquo;accident, c&rsquo;est \u00e0 eux de choisir librement le garage qui effectuera les r\u00e9parations de leur v\u00e9hicule sans qu&rsquo;ils [&hellip;]\" \/>\n<meta property=\"og:url\" content=\"https:\/\/brunet-carrosserie.fr\/index.php\/carrosserie-peinture\/\" \/>\n<meta property=\"og:site_name\" content=\"Carrosserie Brunet\" \/>\n<meta property=\"article:modified_time\" content=\"2021-07-09T19:46:24+00:00\" \/>\n<meta name=\"twitter:card\" content=\"summary_large_image\" \/>\n<meta name=\"twitter:label1\" content=\"Dur\u00e9e de lecture estim\u00e9e\" \/>\n\t<meta name=\"twitter:data1\" content=\"4 minutes\" \/>\n<script type=\"application\/ld+json\" class=\"yoast-schema-graph\">{\"@context\":\"https:\/\/schema.org\",\"@graph\":[{\"@type\":\"WebPage\",\"@id\":\"https:\/\/brunet-carrosserie.fr\/index.php\/carrosserie-peinture\/\",\"url\":\"https:\/\/brunet-carrosserie.fr\/index.php\/carrosserie-peinture\/\",\"name\":\"CARROSSERIE & PEINTURE - Carrosserie Brunet\",\"isPartOf\":{\"@id\":\"https:\/\/brunet-carrosserie.fr\/#website\"},\"datePublished\":\"2021-07-07T09:15:11+00:00\",\"dateModified\":\"2021-07-09T19:46:24+00:00\",\"breadcrumb\":{\"@id\":\"https:\/\/brunet-carrosserie.fr\/index.php\/carrosserie-peinture\/#breadcrumb\"},\"inLanguage\":\"fr-FR\",\"potentialAction\":[{\"@type\":\"ReadAction\",\"target\":[\"https:\/\/brunet-carrosserie.fr\/index.php\/carrosserie-peinture\/\"]}]},{\"@type\":\"BreadcrumbList\",\"@id\":\"https:\/\/brunet-carrosserie.fr\/index.php\/carrosserie-peinture\/#breadcrumb\",\"itemListElement\":[{\"@type\":\"ListItem\",\"position\":1,\"name\":\"Accueil\",\"item\":\"https:\/\/brunet-carrosserie.fr\/\"},{\"@type\":\"ListItem\",\"position\":2,\"name\":\"CARROSSERIE &#038; PEINTURE\"}]},{\"@type\":\"WebSite\",\"@id\":\"https:\/\/brunet-carrosserie.fr\/#website\",\"url\":\"https:\/\/brunet-carrosserie.fr\/\",\"name\":\"Carrosserie Brunet\",\"description\":\"\",\"potentialAction\":[{\"@type\":\"SearchAction\",\"target\":{\"@type\":\"EntryPoint\",\"urlTemplate\":\"https:\/\/brunet-carrosserie.fr\/?s={search_term_string}\"},\"query-input\":\"required name=search_term_string\"}],\"inLanguage\":\"fr-FR\"}]}<\/script>\n<!-- \/ Yoast SEO plugin. -->","yoast_head_json":{"title":"CARROSSERIE & PEINTURE - Carrosserie Brunet","robots":{"index":"index","follow":"follow","max-snippet":"max-snippet:-1","max-image-preview":"max-image-preview:large","max-video-preview":"max-video-preview:-1"},"canonical":"https:\/\/brunet-carrosserie.fr\/index.php\/carrosserie-peinture\/","og_locale":"fr_FR","og_type":"article","og_title":"CARROSSERIE & PEINTURE - Carrosserie Brunet","og_description":"[et_pb_section fb_built=\u00a0\u00bb1&Prime; _builder_version=\u00a0\u00bb3.29.3&Prime; fb_built=\u00a0\u00bb1&Prime; _i=\u00a0\u00bb0&Prime; _address=\u00a0\u00bb0&Prime;][et_pb_row _builder_version=\u00a0\u00bb3.29.3&Prime; custom_padding=\u00a0\u00bb36px|||||\u00a0\u00bb _i=\u00a0\u00bb0&Prime; _address=\u00a0\u00bb0.0&Prime;][et_pb_column type=\u00a0\u00bb4_4&Prime; _builder_version=\u00a0\u00bb3.29.3&Prime; _i=\u00a0\u00bb0&Prime; _address=\u00a0\u00bb0.0.0&Prime;][et_pb_text _builder_version=\u00a0\u00bb3.29.3&Prime; _i=\u00a0\u00bb0&Prime; _address=\u00a0\u00bb0.0.0.0&Prime;] CARROSSERIE &nbsp; Accident auto : \u00e0 vous de choisir votre r\u00e9parateur Peu de Fran\u00e7ais le savent : d\u00e9sormais, en cas d&rsquo;accident, c&rsquo;est \u00e0 eux de choisir librement le garage qui effectuera les r\u00e9parations de leur v\u00e9hicule sans qu&rsquo;ils [&hellip;]","og_url":"https:\/\/brunet-carrosserie.fr\/index.php\/carrosserie-peinture\/","og_site_name":"Carrosserie Brunet","article_modified_time":"2021-07-09T19:46:24+00:00","twitter_card":"summary_large_image","twitter_misc":{"Dur\u00e9e de lecture estim\u00e9e":"4 minutes"},"schema":{"@context":"https:\/\/schema.org","@graph":[{"@type":"WebPage","@id":"https:\/\/brunet-carrosserie.fr\/index.php\/carrosserie-peinture\/","url":"https:\/\/brunet-carrosserie.fr\/index.php\/carrosserie-peinture\/","name":"CARROSSERIE & PEINTURE - Carrosserie Brunet","isPartOf":{"@id":"https:\/\/brunet-carrosserie.fr\/#website"},"datePublished":"2021-07-07T09:15:11+00:00","dateModified":"2021-07-09T19:46:24+00:00","breadcrumb":{"@id":"https:\/\/brunet-carrosserie.fr\/index.php\/carrosserie-peinture\/#breadcrumb"},"inLanguage":"fr-FR","potentialAction":[{"@type":"ReadAction","target":["https:\/\/brunet-carrosserie.fr\/index.php\/carrosserie-peinture\/"]}]},{"@type":"BreadcrumbList","@id":"https:\/\/brunet-carrosserie.fr\/index.php\/carrosserie-peinture\/#breadcrumb","itemListElement":[{"@type":"ListItem","position":1,"name":"Accueil","item":"https:\/\/brunet-carrosserie.fr\/"},{"@type":"ListItem","position":2,"name":"CARROSSERIE &#038; PEINTURE"}]},{"@type":"WebSite","@id":"https:\/\/brunet-carrosserie.fr\/#website","url":"https:\/\/brunet-carrosserie.fr\/","name":"Carrosserie Brunet","description":"","potentialAction":[{"@type":"SearchAction","target":{"@type":"EntryPoint","urlTemplate":"https:\/\/brunet-carrosserie.fr\/?s={search_term_string}"},"query-input":"required name=search_term_string"}],"inLanguage":"fr-FR"}]}},"_links":{"self":[{"href":"https:\/\/brunet-carrosserie.fr\/index.php\/wp-json\/wp\/v2\/pages\/17"}],"collection":[{"href":"https:\/\/brunet-carrosserie.fr\/index.php\/wp-json\/wp\/v2\/pages"}],"about":[{"href":"https:\/\/brunet-carrosserie.fr\/index.php\/wp-json\/wp\/v2\/types\/page"}],"author":[{"embeddable":true,"href":"https:\/\/brunet-carrosserie.fr\/index.php\/wp-json\/wp\/v2\/users\/1"}],"replies":[{"embeddable":true,"href":"https:\/\/brunet-carrosserie.fr\/index.php\/wp-json\/wp\/v2\/comments?post=17"}],"version-history":[{"count":15,"href":"https:\/\/brunet-carrosserie.fr\/index.php\/wp-json\/wp\/v2\/pages\/17\/revisions"}],"predecessor-version":[{"id":142,"href":"https:\/\/brunet-carrosserie.fr\/index.php\/wp-json\/wp\/v2\/pages\/17\/revisions\/142"}],"wp:attachment":[{"href":"https:\/\/brunet-carrosserie.fr\/index.php\/wp-json\/wp\/v2\/media?parent=17"}],"curies":[{"name":"wp","href":"https:\/\/api.w.org\/{rel}","templated":true}]}}